6 + -21 - (6 - -1).
-14
4 - 4 - (93 - 93)
0
What is the value of (23 - 17 - (2 + -1)) + -14?
-9
Evaluate 47 - (6 + -14) - (-7 - -24).
38
-6 + (-4 - -4 - (4 + 3))
-13
-2 + -3 + 98 + -106
-13
(-3 - (1 - 0) - -9) + 12
17
Calculate 1 + -6 + -6 + 3 + 3 - -10.
5
What is -18 + 20 - (-18 + 7) - (2 - 0)?
11
What is the value of (3 + 2 - 4) + 4 + 1 + -27?
-21
What is (62 - 23) + -49 - (3 + -1 - -3)?
-15
What is -26 - (-52 - 4 - -28)?
2
What is the value of -3 + (1 - 8) + 265 + -265?
-10
What is 10 + (13 - 2 - (-17 - -21))?
17
Calculate 9 + -29 + 88 + -55.
13
Evaluate -1 + 4 - -3 - (8 + -2) - -1.
1
What is the value of -1 + 2 + -23 + -217 + 214 - 3?
-28
What is the value of 0 - -5 - (25 - (-45 - -33))?
-32
Calculate (-23 - (19 + -62)) + -33.
-13
What is 1 + -1 + 3 + (5 + -4 - -7)?
11
What is the value of 4 - (-4 + 7 + 1)?
0
What is (-7 - -1) + (-18 - (-20 + (3 - 9)))?
2
Evaluate -4 + (9 - 16 - -2).
-9
What is the value of (175 - 177) + (0 - 1 - 1)?
-4
What is the value of -276 + 281 - (-4 + 2 - (1 - 26))?
-18
Calculate -13 + (1 - -12) + -11.
-11
What is the value of 2 + 11 - (-14 + -15 + 14 + 8)?
20
What is 11 + -21 + 10 + (4 - -1) + -5?
0
Evaluate 11 + -1 + -11 + (-7 + 4 - -7).
3
What is the value of 43 - (16 - (-8 - (2 + -12)))?
29
Evaluate (5 - ((-12 - -9) + 18)) + 0 + -5.
-15
(34 - -47) + -50 + (0 - 1 - 8)
22
What is the value of 1 - ((8 - 10) + -9)?
12
Evaluate -6 - (-13 - -10 - 10).
7
5 - (12 + -10) - 5
-2
Evaluate 7 + 2 + (7 - 7 - 1) + 8.
16
What is (29 - 40) + 5 + 1 - (-16 - 0)?
11
What is 7 + (0 - (1 + -4 - (36 - 40)))?
6
What is the value of (0 + 3 - 0 - 2) + (317 - 335)?
-17
What is -30 + (27 - 0) + -15?
-18
Evaluate -3 + 0 + -7 + 9.
-1
Calculate (4 - -1 - -10) + -9.
6
6 + -20 + (7 - 3) - (8 + -31)
13
What is the value of (-11 - -8) + -2 + 1 + 7 + 0?
3
What is -33 - (-26 - (-1 - 12))?
-20
What is -30 - ((45 - 35) + -23)?
-17
Calculate 5 - (35 + -13 + -15).
-2
What is (-8 - -4) + -4 + 4?
-4
(-5 + 0 - (-19 - (20 + -39))) + -12
-17
Evaluate 1 + (7 - (13 - (1 + 0))).
-4
What is (-6 - -45) + -36 - (3 + -2 - 18)?
20
Evaluate 8 - (8 + (3 - 18 - -9)).
6
13 - (239 + -249 - (0 + -15))
8
Evaluate 1253 + -1283 + (-1 - -20).
-11
What is the value of (-20 - -60) + -49 + 14 + 0?
5
-2 - (18 + -15) - -13
8
Calculate -26 + (25 + 7 - -15).
21
Evaluate -1 - (0 + -1 - -4) - -16 - -1.
13
Calculate -9 + -3 - (-9 + -2).
-1
What is the value of -8 - (2 + -1 + 6 + (-12 - -13))?
-16
Evaluate (0 - 7) + 3 + -11 + -17.
-32
(-92 - -85) + (0 - -15) + -7
1
What is (48 - 54) + (-1 - -5) - (-62 - -36)?
24
Calculate (19 - 1) + 11 + (-20 - -3).
12
What is -5 - (6 - (2 + (-2 - 6 - 1)))?
-18
-10 - ((41 + -32 - (-2 - -12)) + -4)
-5
Calculate (-17 - (-15 + -18)) + -35 + 5.
-14
What is (8 - 13) + (-4 - 0) - -34?
25
4 + (-17 + 0 - (5 + 3 + -13))
-8
What is the value of -11 + (186 - 195) + (0 - (1 - -1))?
-22
Evaluate 24 - ((28 - 1) + 103 + -113).
7
What is the value of ((-10 - 3) + 2 - (-179 - -163)) + 26?
31
-18 + -2 + 9 - (0 + -41)
30
8 + 2 + (0 - (15 + -7 + -8))
10
What is the value of -7 + 10 - (7 - (-12 - -11))?
-5
What is the value of 0 + 6 + -24 + -14 + -3?
-35
What is the value of -3 + -4 + (0 + -9 - -9)?
-7
Evaluate (-13 + 14 - 2) + 14 - 3.
10
What is (-2 - -16) + (0 - 7) + -17?
-10
Evaluate 2 + -4 - (-54 - (-86 - -21)).
-13
What is 13 + (-6 - -22) + -39?
-10
What is the value of (11 - 0 - (-3 - -2)) + (-13 - -21)?
20
Calculate 19 + -1 - ((54 - 35) + -12 + 2).
9
What is -7 + -1 + (-4 - (3 - 12))?
-3
Calculate 31 + -38 + 0 + 20.
13
What is the value of -2 + -7 + 15 + -30 + 14?
-10
What is 18 + 47 + -49 + (-34 - 4)?
-22
Evaluate -1 + (1 - -5) + -244 + 242 + 16.
19
Calculate 31 + -40 - 23 - -41.
9
15 + -19 + -20 + 21
-3
What is the value of 6 - (8 + (6 - (0 + -4 + 4)))?
-8
Calculate (-10 - (-8 - -6)) + 5 - -5.
2
What is the value of -6 + ((17 - 7) + -1 - (20 + 1))?
-18
1 + 36 - (48 - 28)
17
What is 4 + 6 + -10 + 2 + 8?
10
What is (-15 - -12) + 20 - 7 - (1 - 8)?
17
(4 - 0) + -5 + -9 + 32
22
What is the value of (-7 - -3) + 0 + 3 + (3 - 18)?
-16
What is the value of (-14 + 11 - -7) + -8 + (3 - 1)?
-2
Evaluate -2 - (-13 - (-13 - (7 - 16))).
7
Calculate 24 + -29 + 30 + 2.
27
Calculate 13 + (-20 - -7 - 17) - 9.
-26
Evaluate -60 - (-73 + 26) - (-5 + -2).
-6
Calculate 21 - 3 - (10 + 2 - (23 - 19)).
10
Calculate 9 + (11 - 14 - -11) + 14.
31
-5 + 9 + 12 + -18
-2
Evaluate (-11 - 3) + 14 - ((3 - 4) + 0).
1
Calculate 0 + -2 + 26 + -22 + -4 + 12.
10
Calculate -19 + (-4 - 13 - -18).
-18
Calculate -1 + 5 + (-1 - 24 - (620 - 644)).
3
5 + (7 + -27 - (-12 - -7))
-10
What is the value of (-1 - -6 - (-1 - -4)) + -9?
-7
What is the value of 3 - (21 - 13) - 10?
-15
What is the value of -2 - -9 - (5 - -9) - -3 - 7?
-11
(3 - -7 - 5) + -16 + 20
9
2 + (0 - -8 - 6) + -2
2
What is the value of (-11 - (-14 + 11 + -30)) + -16?
6
What is the value of (79 + -16 + -19 - 13) + 0 + 0?
31
What is (-7 - -12) + (12 - (2 - 9))?
24
Calculate -9 + ((1 - 5) + -5 - -2) + -1.
-17
-7 - (9 - (9 + 4 + -3)) - -15
9
What is 14 + -11 + -16 - (6 + -30)?
11
Calculate -7 - (-3 + -3 + 7 + 4).
-12
What is -28 - (-12 + 34 + -20)?
-30
Evaluate 9 - (1 + 5 - -12).
-9
What is 1 - (30 + (9 - 15))?
-23
Calculate -6 - (-7 + -9) - -7.
17
Calculate (6 - (-4 + 12 - -3)) + 6 + -8.
-7
What is the value of -3 + (-10 - 2 - -22)?
7
Calculate -11 + 3 + 2 - (32 - 37).
-1
-27 + (-35 + 3 - -50)
-9
Calculate -14 + (3 - (1 - 4)) + 8.
0
20 - (12 - 14 - -5)
17
Evaluate 12 - (11 - (25 + 0 + -15)).
11
What is -7 - (-1 - ((2 - 4) + 11 + -7))?
-4
Evaluate -12 + 2 + ((-7 - -6) + 6 - 0).
-5
Calculate (11 - 31) + 18 + -18.
-20
Evaluate -3 - ((-1 - -3) + -3 + 93 + -93).
-2
Evaluate -10 + -5 + 10 - -2.
-3
What is 6 + -2 + -21 + 21 + (0 - 8)?
-4
Evaluate (-38 + 21 - -36) + (0 - (-1 + 2)).
18
What is 15 + 0 + (-11 + 73 - 102)?
-25
(0 + 13 - 0) + -19
-6
Evaluate (-2 - 19) + 26 + -8 - (10 - -1).
-14
What is 0 - -13 - (-37 + -34 + 81)?
3
(1 - -30) + (-7 - (7 + -16)) + -2
31
39 + -9 + -12 + 13 - (8 + 2)
21
Calculate 4 + (-2 + 1 + 6 - (10 + 10)).
-11
What is (-10 - (53 - 27)) + 9?
-27
What is the value of (12 - 30 - -10 - -19) + -26?
-15
Calculate (5 + (8 - (-4 - -10)) - 2) + 5.
10
What is (-20 - -14) + 12 - -8?
14
What is (76 - 79) + 0 + (3 - 5)?
-5
Evaluate 1 + -2 + 3 + 23 - (61 + -63).
27
What is -31 + 61 + -24 + 1?
7
What is -24 + -3 + 51 + -38?
-14
(9 - 0) + 15 + (-11 - 3)
10
Evaluate 3 + (68 - 41 - 4).
26
What is the value of -8 + (-56 + 64 - (0 + 2 - -4))?
-6
14 + -1 - 18 - (-3 - 2)
0
Calculate (-21 - (-10 - 10)) + 17.
16
38 - 44 - (2 + 0 - 2) - -34
28
What is the value of 0 + -3 + 11 + -21?
-13
4 + (11 - 12) + -28 + 2 - -9
-14
Evaluate 9 + -26 + -8 + 8.
-17
Calculate (-42 - -29 - -10) + 27.
24
What is 19 + 8 + -19 + 4 - 8?
4
Calculate -10 - ((-13 - (-5 + -2 + 3)) + 1).
-2
Calculate -21 - (-50 - (26 - 30)).
25
What is 12 - (-8 + 6 - (-2 - -2))?
14
What is -2 + (-17 - -14) + 0 + (14 - -6)?
15
-17 + (31 - 17) - 1
-4
Calculate -12 - (-3 + 1 + -4 + (-3 - -6)).
-9
Evaluate -5 - -1 - (-14 + 17) - -12 - -1.
6
18 - (-1 + -5 + (-16 + 13 - -11))
16
What is -21 - -16 - (19 + 12 - (-1 + 5))?
-32
What is 7 - ((4 - -15) + -11)?
-1
-22 + 6 + 43 + -26
1
Evaluate 498 + -484 + (-2 - -2 - 13).
1
What is -11 - ((-34 - -19) + 1)?
3
1 + 8 - (-33 + 37 + (5 - -2))
-2
What is ((-7 - -9) + 3 - -4) + -8?
1
Calculate 4 + (-2 + (6 - 11) - (0 + -21)).
18
8 - (2 - 7 - (-12 + 3))
4
Calculate -22 + (2 - -14) - (3 - 0) - 6.
-15
What is (14 - (-7 - -8 - -4)) + -8?
1
Evaluate -4 + -12 + 17 + 11 + -2.
10
What is -5 - (11 + -1) - (0 + 12) - -7?
-20
What is -36 + 7 - (-60 + 38)?
-7
Calculate 17 + (-8 - (-9 + (-4 - -8) - 2)).
16
Calculate -1 - ((-6 - -11) + -3) - -4.
1
What is the value of (4 - (-1 + -2 + 3) - 0) + 1?
5
5 + (-691 - -700) + (-6 - 2 - -2)
8
Evaluate 4 + 1 - 4 - (-2 - -4 - 8).
7
Evaluate -1 + -6 + 3 - -2 - (-17 - -4).
11
(-3 - 6 - -13) + (9 - 5 - 4)
4
Evaluate -3 - ((4 - 2) + 6 - (13 + -12)).
-10
Calculate (35 + -11 - 32) + (4 - 1).
-5
(-3 - 10) + 20 + 7 + -15
-1
Evaluate 16 - (0 + 0 + 2) - (-10 - -13).
11
What is 4 - (30 - (28 + 23))?
25
353 - 355 - (0 + 1 + -2 - -3)
-4
Calculate 6 + 0 + 166 + -167 + (1 - 4).
2
What is -34 + 34 - (-9 - (4 - 7))?
6
What is (1 - -17 - (19 - 17)) + (2 - 0)?
18
What is -13 + 6 + 12 + (-4 - -8)?
9
Evaluate 38 + (0 - (4 - 15)) + -11.
38
Calculate (27 - (7 + 